e -o*r + 429 + 246 = 0. List the prime factors of r.
3, 5
Let v(n) = 2671*n**2 + 20*n - 19. What are the prime factors of v(1)?
2, 167
Suppose 0 = -2*p - 8, 4*j + 4*p - 3056 = 10128. What are the prime factors of j?
2, 3, 5, 11
Let v(d) = d**2 - 2*d - 1. Let f be v(3). Let t be f*2 + 604/4. Suppose 0 = 3*a + 2*a - t. What are the prime factors of a?
31
Suppose -3*o = n + 1 - 230, 3*n = 3*o + 687. List the prime factors of n.
229
Let r = 12295 + -8544. What are the prime factors of r?
11, 31
Let x(j) = -j**3 - 7*j**2 - 11*j + 1. Suppose -6*o + 5*t - 49 = -2*o, -50 = 5*o - 4*t. List the prime factors of x(o).
31
Suppose 0 = 4*p - 3*r - 7723, 3*p - 5791 = 11*r - 9*r. What are the prime factors of p?
41, 47
Let g = 32 + -4. Let j = 98 - 100. List the prime factors of j*5*(-42)/g.
3, 5
Let b = 18 - 13. Suppose 5*n - 23 = 5*p - 8, 0 = -3*p + b*n - 19. Suppose 0 = c - p*c + 36. What are the prime factors of c?
2, 3
Suppose 0 = -2*h - 51 + 3. List the prime factors of (-156)/h*(0 + 18 + -2).
2, 13
Let h(m) = -m**2 - 1. Let f(y) = y**3 + 9*y**2 - 5*y - 19. Let g(a) = f(a) - 4*h(a). What are the prime factors of g(-12)?
3, 7
Suppose 2*r - 31 = x, -43 = -4*r - 2*x + 31. Let l = r + -14. What are the prime factors of l?
3
Suppose 0*d - 28 = -4*d. Suppose d*j = 98 + 7. List the prime factors of j.
3, 5
List the prime factors of (-31370)/(-18) + 9/162*4.
3, 7, 83
List the prime factors of (-36360)/(-54)*(-18)/(-4).
2, 3, 5, 101
List the prime factors of (((-5652)/3)/3)/(-3 + 1).
2, 157
Let j(b) = -b**3 - 5*b**2 + 8. Let l be j(-6). Suppose l = 4*u - 192. What are the prime factors of u?
59
List the prime factors of (1*29)/((-5)/(-55)*1).
11, 29
Let w(f) = -f**2 - f + 6316. What are the prime factors of w(0)?
2, 1579
Let z(f) = -f + 6. Suppose 0 = -2*j - 15 + 5. What are the prime factors of z(j)?
11
Suppose -8 = -9*g + 13*g, -6368 = -3*l - 2*g. What are the prime factors of l?
2, 3, 59
Let m = 8 - -3. Let r(n) = -n**2 + 13*n + 4. Let a be r(13). Suppose -m = -t + a. List the prime factors of t.
3, 5
Let y = 119 + -123. Let q = -4 + 4. Let d = q - y. List the prime factors of d.
2
Let i(t) be the second derivative of t**5/10 - t**4/12 - t**3/3 + t**2 - 22*t. List the prime factors of i(4).
2, 53
Let z(s) = -30*s - 39. Let q be z(-3). Let g(a) = 75*a**3 - 2*a + 1. Let h be g(1). Let j = h - q. What are the prime factors of j?
23
Let p be -2 + 1810/(-7) - (-6)/(-14). Let r = p - -520. List the prime factors of r.
7, 37
Let q = 11 - 13. Let o(l) = 7*l**3 + 2*l**2 + l. Let v be o(q). Let j = -24 - v. List the prime factors of j.
2, 13
Let i = 1828 - -49. List the prime factors of i.
1877
Let d(m) = 2*m - 3*m - 4*m + 29 + 3*m. List the prime factors of d(0).
29
Suppose 5*j - 4363 = 4*c, 5*j - 3*c - 1741 = 3*j. What are the prime factors of j?
5, 7
Let h = -1361 - -1842. What are the prime factors of h?
13, 37
Suppose 0 = 5*n + 3*t - 1340 - 739, -t + 831 = 2*n. What are the prime factors of n?
2, 3, 23
Suppose -11428 = -38*a + 11030. List the prime factors of a.
3, 197
Suppose -117 = 4*l + 2*f - 3055, 3671 = 5*l + f. Suppose -29 + 171 = v - p, -5*v + l = p. What are the prime factors of v?
2, 73
Let o = -29 - -34. Suppose -3*c - 5*m = 30, 0 = -5*c + 4*m - 9 - 4. Let v = o - c. What are the prime factors of v?
2, 5
What are the prime factors of -72*(-41)/3*(45 - 44)?
2, 3, 41
Suppose k - 3 = 0, 14284 = 5*d - 3*k + 1238. List the prime factors of d.
7, 373
Let x(r) = -442*r**3 - 2*r**2 - 3*r + 7. What are the prime factors of x(-2)?
3541
Let k(z) = -7*z - 31. Suppose -5*j - 4*a = 41, 3 - 18 = 2*j + 3*a. List the prime factors of k(j).
2
Let d = -13 + 8. What are the prime factors of 106 + 16/4 + d?
3, 5, 7
Let w = 86 - 69. Suppose 0 = 19*i - w*i - 56. What are the prime factors of i?
2, 7
Suppose r = -3 + 2. Let x be -2 + 1 + r + 38. Suppose 0 = -o + 3*c + 1, 6*o = 3*o - 2*c + x. List the prime factors of o.
2, 5
Let l(w) = -w**2 - 28*w - 30. Suppose 0 = 3*y - 4*v + 69, 3*y = -5*v + 2 - 44. List the prime factors of l(y).
3, 47
Suppose 0 = -2*j + 3*j - 10. Let c be (-104)/j - 9/15. Let i = c - -18. What are the prime factors of i?
7
Let j be (-6)/4*(-4)/2. Suppose j*f = 5*i + 40, 2*f - 3*i - 1 = 24. Suppose -21 = -f*o + 2*o. List the prime factors of o.
7
Suppose -3*j - 10*m + 12483 = -13*m, -3*j = -2*m - 12479. List the prime factors of j.
4157
Suppose 4*o - 5*g + 640 = 2988, 3*o - 1754 = 2*g. What are the prime factors of o?
2, 3, 97
Suppose -w = -3*y - 6 + 27, 2*w = y - 12. Suppose y*r = 8*r - 120. What are the prime factors of r?
2, 3, 5
Suppose 6*c - 4*c = 8. Suppose 3*s - j + 0*j + 5 = 0, c*s + 11 = -3*j. List the prime factors of 434/28 - 1/s.
2
Suppose -3*d + 98 = -d. Suppose 2*g - u = -53, 5*g - 3*u + 179 = d. List the prime factors of -3 + (-2 - 0 - g).
2, 3
Suppose -1136 = -4*j + 492. Suppose -234 - 189 = -5*b - 2*s, -5*b + 2*s = -j. List the prime factors of b.
83
Suppose -2*i + 6*i + 5*u + 327 = 0, -5*i = 4*u + 411. Let w = -67 - i. What are the prime factors of w?
2
Let n be (1/3)/(3/9). Suppose 5*b - 11 = -n. Suppose b*y - 4*y = -24. List the prime factors of y.
2, 3
Let a(j) = -j**2 + 8*j + 5. Let o be a(8). Suppose -5*v + 22 - 2 = 0. Suppose -r + v*k + 50 = 2*r, -3*r + 32 = o*k. List the prime factors of r.
2, 7
Let n = 3182 - -456. List the prime factors of n.
2, 17, 107
Let y(k) = 33*k**3 - 6*k**2 + 13*k - 17. What are the prime factors of y(5)?
3, 149
Let p = 79 - 51. Suppose -o = 6 - p. Suppose 5*k - 2*x = o, -k - 3*x + 12 = -6. List the prime factors of k.
2, 3
Let a(t) = 12*t**2 + 2*t - 6. Let p be a(2). Suppose -2*h = 2*g + g - 41, g = -3. Suppose -3*c = s - p, 6*c = c + h. What are the prime factors of s?
31
Let k(b) = -181*b**3 - 4*b**2 - 6*b - 3. What are the prime factors of k(-1)?
2, 3, 5
Let d be 170/(-6) - (-4)/(-6). Let c = -12 + -2. Let m = c - d. What are the prime factors of m?
3, 5
Suppose 28620 = 18*b - 3*b. List the prime factors of b.
2, 3, 53
Suppose -4*a = -4*q + 9*q - 701, 4*a - 564 = -4*q. Let w = q - 92. What are the prime factors of w?
3, 5
Let f(r) = 13*r**2 + 50*r - 59. What are the prime factors of f(17)?
2, 3, 379
Let x be (78 - 1)*2/2. Suppose x = 3*d - 73. List the prime factors of d.
2, 5
Suppose -17 = 3*d - 2*y, 5*d - 8*y = -3*y - 30. Let m = d + 7. Suppose -m*x - 24 = -4*g + x, -7 = -g + x. List the prime factors of g.
3
Let m = -13 - -15. Suppose 5*d - 183 = -33. Suppose -m*c + d = c. What are the prime factors of c?
2, 5
Let c = 19 + -19. Suppose -12 = -d - 5*k, 4*d - 2*d + 4*k - 48 = c. List the prime factors of d.
2
Suppose -4*g + 924 = -200. List the prime factors of g.
281
Suppose 3*z = -5*h + 35, -h - 3*h + 26 = 2*z. Suppose 0*a - 113 = -q - 5*a, 5*q - 507 = h*a. List the prime factors of q.
103
Let p = 4 - -21. Let d be (p/10)/((-1)/(-4)). What are the prime factors of (128/(-80))/((-2)/d)?
2
Let h = 3 - -2. Suppose -2*x - 8 = -4*x, 314 = h*k + x. What are the prime factors of k?
2, 31
Suppose -6 = 5*v - 16. Let d be 1/((-4)/(v + -6)). List the prime factors of d - 0 - (-7 - 24).
2
Let z(f) be the first derivative of f**4/4 - 5*f**3 - 7*f**2 - 8*f + 1. What are the prime factors of z(16)?
2, 3
Let m = -7 - -30. Let j = m + -11. Suppose -5*a + a + j = 0. What are the prime factors of a?
3
What are the prime factors of 8/18 + 586283/171?
3, 127
Suppose 5 - 1 = 2*u - h, -4*h + 6 = 3*u. Suppose -u*n - 3*l + 71 = 0, -3*n = -2*n + 3*l - 34. List the prime factors of n.
37
Let l(w) = -8*w + 5 + 7*w**2 - 7 - 1 - 2*w**3 + w**3. Let u be l(6). Let p = 30 + u. List the prime factors of p.
3, 5
Let a = -295 + 673. What are the prime factors of a?
2, 3, 7
Suppose 2*k + 4*p - 9554 = 0, -14 = -2*p - 8. What are the prime factors of k?
13, 367
Suppose -6*p + 21 - 75 = 0. List the prime factors of (12/p)/((-2)/30).
2, 5
Suppose 5*c + 5*m - 1305 = 3*c, 2*m = 10. List the prime factors of c.
2, 5
Let x = 16 - 10. Let g = -27 + x. Let n = g - -30. List the prime factors of n.
3
Let b(m) = -2*m + 20. Let p be b(10). Suppose -v - 2*g - 201 = -6*v, p = -5*v - g + 192. What are the prime factors of v?
3, 13
Let r be (6/10)/((-3)/15). Let v = r + -3. What are the prime factors of 6/36 - 41/v?
7
Suppose 0 = -14*p + 18*p, 0 = -o + p + 1501. List the prime factors of o.
19, 79
Let a(d) = d**3 - 6*d**2 + 2*d - 4. Let p be a(4). 